pose -4*h = -3*b + 34 + 2, -4*b + h = -48. Let a = b - -1. What is the tens digit of a?
1
Let v(k) = -k + 6. Let r = 1 + 4. What is the units digit of v(r)?
1
Let b(s) = -2*s**3 + 5*s**2 + 8*s. Let q(v) = v**3 + v**2 - v. Let z(i) = b(i) + q(i). Let d be z(7). What is the units digit of 3 - (-3 + d - 11)?
7
Let w = -23 - -43. Suppose -4*b + 19 = 2*o + o, -4*o - 4*b + w = 0. What is the units digit of o?
1
Let r = 72 - -28. What is the hundreds digit of r?
1
Let o(v) = v + 6. Let h be o(-3). Let t = 0 + 2. Suppose h*f - 11 = 2*f - r, t*f + r = 19. What is the units digit of f?
8
Let j(t) be the first derivative of 1/2*t**2 - 1 - 4*t. What is the units digit of j(8)?
4
Suppose 99 = 4*c - 5*k, 2*c = 3*k + 16 + 31. What is the tens digit of c?
3
Let z(j) = -j**2 - 2*j. Let k be z(0). Let h = 7 + k. What is the units digit of h?
7
What is the tens digit of (-156 - (1 + 4))*-2?
2
Let z = 11 - 4. Suppose 4*i - z = 1. What is the units digit of i?
2
Let x = -8 - -11. Let a be (-2)/3 + 8/x. Suppose -3*i - a*i = -20. What is the units digit of i?
4
Suppose 4*k = 3*z - 37, -3*z = -k + 2*k - 17. What is the units digit of z?
7
Let h = 4 - -71. What is the units digit of h?
5
Suppose 3*u + u = 144. What is the tens digit of u?
3
Suppose 7*f - 1137 = -339. What is the tens digit of f?
1
Let w = 41 - 24. Let n = -11 + w. What is the units digit of n?
6
Let x(r) = -r - 1. Let l be (-46)/14 + (-8)/(-28). Let f be x(l). Suppose 5*z = g + 18, 5*g = g - f*z + 38. What is the units digit of g?
7
Let y(o) = -3 + o**2 + 3*o + 5*o**2 + 0*o**2 - o**3. What is the units digit of y(6)?
5
What is the hundreds digit of (0 + -1 - -1) + 209 + 30?
2
Let y = 46 + -24. Suppose -t + y = -10. What is the units digit of t?
2
Let z(b) = b**3 + 2*b**2 - 5*b - 15. What is the units digit of z(7)?
1
Suppose 0 = -4*a - w + 678, -5*a + 4*w + 668 = -a. What is the units digit of a?
9
What is the tens digit of (40/(-3))/(5/(-15))?
4
Suppose -l = -5*l - 4, 0 = -2*k + 4*l - 2. Let q = 6 + k. What is the units digit of q?
3
Let h(g) = g**3 + 17*g**2 + g + 23. What is the units digit of h(-16)?
3
Suppose 4*a - 3*t - 2*t = 24, 5*a + 4*t + 11 = 0. What is the units digit of a + -10*(2 - 3)?
1
Let z = -313 - -456. What is the units digit of z?
3
Suppose -2*n - 2*k = k - 102, n = 2*k + 44. What is the tens digit of n?
4
Let d(i) = i**3 + 3*i - i**2 - 4*i - 2*i**2 - 6 - 4*i. Suppose -21 = -w + 4*s, -4*s + 3*s + 6 = 2*w. What is the units digit of d(w)?
9
What is the units digit of ((-44)/(-16))/((-3)/(-12))?
1
Suppose -5*x = -9*x + 672. What is the hundreds digit of x?
1
Suppose -7*l + 3*l = -152. What is the tens digit of l?
3
Suppose -5*w + 116 = 2*s, 0 = w - 0*w + 2*s - 28. What is the units digit of w?
2
Let f = 25 + -15. Suppose -n - 4*n = -30. What is the units digit of (-3 + 8)*n/f?
3
Let l be (-30)/5*(-5)/(-2). What is the units digit of -3 + (-3)/9*l?
2
Let q = 70 + -30. What is the tens digit of q?
4
Suppose -5*z = -3*y - 146, -2*z - 3*z + 2*y + 144 = 0. What is the units digit of z?
8
Let i be 1/(-4) + (-46)/8. Let y(t) = t**3 + 8*t**2 + 7*t - 2. Let w be y(i). Suppose 0 = -2*j - 2*j + w. What is the units digit of j?
7
Let p be (12/(-15))/((-4)/50). Let t = 22 - 11. Suppose 3*o - t = p. What is the units digit of o?
7
Let z = 153 + -91. What is the tens digit of z?
6
Let k(i) = -5*i - 2. What is the units digit of k(-6)?
8
Suppose -2*z = 4*p - 187 + 41, -2*p = -5*z - 79. What is the units digit of p?
7
Suppose -143 = -2*d - 2*o - 31, -2*o = 0. What is the units digit of d?
6
Suppose 0 = -6*y + 3*y, -4*w - 4*y = 8. Let u be w - -3*(-1 - -3). What is the units digit of (-8)/(-3)*6/u?
4
Let n(t) = 6*t**2 + 3*t + 2. Let w(i) = -i**2 - 1. Let q(y) = n(y) + 5*w(y). What is the units digit of q(5)?
7
What is the hundreds digit of -175*((21/15 - 4) + 1)?
2
Suppose -n + 13 = g, -3*n + 5*g + 32 = g. Suppose 60 = 5*u + 4*l, 4*u - 3*u - l - n = 0. Let a = 17 - u. What is the units digit of a?
5
Let u = 19 + -14. What is the units digit of u?
5
Let h(c) = -c**3 + 3*c**2 + 5*c - 4. Let p be h(-3). Suppose -2*k + 5 + p = 0. What is the units digit of k?
0
Let b = 2 + -10. What is the units digit of (-210)/b + (-1)/4?
6
Let d(f) = 6 - f + 5 - 2. What is the units digit of d(7)?
2
What is the units digit of (3 + 2 + -1)/5*190?
2
Let j be 48/(-15) - (-2)/10. Let p be (2 + 1*j)*0. Let k = p + 6. What is the units digit of k?
6
Let s(n) = n**2 - n. Let t(p) = 13*p**2 + 4*p. Suppose 2*f = -3*f + 15. Let m(b) = f*s(b) + t(b). What is the units digit of m(1)?
7
Let i = 42 + -22. What is the tens digit of i?
2
Suppose 3*y - 407 = -80. What is the hundreds digit of y?
1
Suppose r + 3*r = 16. Suppose -m = -3*p - 4, -2 + 1 = -5*m - r*p. What is the units digit of m?
1
Suppose 0 = 3*x - x - 54. What is the tens digit of x?
2
Let x(y) be the second derivative of 7*y**4/12 + y**2/2 + 3*y. Let i be -1 + -1 - (-1 + 0). What is the units digit of x(i)?
8
What is the tens digit of 4*(-2)/((-16)/50)?
2
Let h(d) be the second derivative of d**3/3 + 47*d**2/2 + d. What is the tens digit of h(0)?
4
Let b = -12 - -12. Let s(w) = -w**2 + w + 10. What is the tens digit of s(b)?
1
Suppose -11*n + 360 = -7*n. What is the tens digit of n?
9
Suppose -s - 6 = -b - 2*s, b - 4*s - 1 = 0. Let g = 6 - b. What is the units digit of (-8)/(-2) - -2 - g?
5
Suppose 5*s + 35 = 5*f, -2*f + 0*f = -4*s - 22. Let h(d) = -f*d - 1 + 8*d + 0*d. What is the units digit of h(1)?
4
Let v(q) = -q - 2. Let s(i) = -i + 5. Let r be s(5). Suppose -j - 3*y + 6 = -r*j, 3*j = -5*y + 6. What is the units digit of v(j)?
1
Suppose v - 4*n = -7*n - 12, n + 5 = 0. Let h = 8 - v. Suppose h*x - 25 = p, 0 = -3*x - 2*x + 5*p + 45. What is the units digit of x?
4
Let y be 21/7 - (0 + -2). Suppose 4*i + 4*n - 132 = 0, -2*n = y*i - 0*n - 153. What is the tens digit of i?
2
Let h = 401 - 226. What is the units digit of h?
5
What is the units digit of (-2)/5 - 726/(-15)?
8
Suppose 0 = -s - 0*s + 4. Suppose -s*k + 92 = 3*v, -3*k = -5*k + 10. What is the tens digit of v?
2
Let h(q) = -q**2 - 22*q - 33. What is the units digit of h(-11)?
8
Let h = -11 - 12. Suppose -2*o = -3*a + 84, 0*o + 3*a + 189 = -5*o. Let n = h - o. What is the units digit of n?
6
Let n = -24 - -29. What is the units digit of n?
5
Suppose -r + 39 + 9 = 0. What is the tens digit of r?
4
Let r(h) be the second derivative of h**5/20 - 5*h**3/6 + h**2 - 2*h. Suppose 0 + 15 = 5*p. What is the units digit of r(p)?
4
Let v = 107 - -33. What is the units digit of v?
0
Let o(c) = -7*c**2 + 4*c + 10. Let s(x) = -11*x**2 + 6*x + 15. Let m(r) = -8*o(r) + 5*s(r). What is the units digit of m(7)?
0
What is the units digit of 726/18 + (-3)/9?
0
Let j(y) = y**2 + 3*y + 2. Let s be j(-3). Suppose 3*n - 3 = s*n. Suppose -n = p - 4. What is the units digit of p?
1
Suppose -4 = -v + 4*f, -2*v - 3*v - 4*f + 20 = 0. Let h be ((-6)/v)/((-2)/4). Suppose 0 = -h*p - 1 + 13. What is the units digit of p?
4
Suppose -14*u + 13*u + 9 = 0. What is the units digit of u?
9
Let k(c) = -c**2 - 9*c + 7. Let z be k(-7). Suppose -3*w + z = -6*w. Let s = 10 + w. What is the units digit of s?
3
Let p = -90 + 248. What is the tens digit of p?
5
Let m = 32 - 20. Suppose 4 + m = 2*d. What is the units digit of d?
8
Let k(b) = b**2 - 15*b - 65. What is the hundreds digit of k(27)?
2
Suppose -g - 4*g = -505. What is the hundreds digit of g?
1
Suppose 2*i = -4*h + 624, -3*h - 4*i = h - 616. Suppose x = -5*l + h, x + 2*x - 40 = -l. What is the tens digit of l?
3
Suppose -4 = -6*r + 4*r. Suppose 0 = r*d - 0*d - 26. What is the tens digit of d?
1
Let m(y) be the second derivative of -y**4/24 + 4*y**3/3 - 3*y**2/2 + y. Let h(c) be the first derivative of m(c). What is the units digit of h(4)?
4
Let q(y) = y**3 - 2*y - 1. What is the units digit of q(2)?
3
Suppose 2*d + 24 = a - 0*a, 0 = 2*a + 5*d - 3. Suppose a + 6 = b. What is the units digit of b?
0
Suppose 4*p + 12 = -2*q + 5*q, 3*q + 3*p = 12. Let b = 11 - q. What is the units digit of b?
7
Suppose -6*n - 1052 = -10*n. What is the tens digit of n?
6
Let s = 12 + -3. Suppose -k + 3*k + 5*c = s, 3 = -3*k - 2*c. What is the units digit of ((-4)/(-2))/((-2)/k)?
3
Suppose -a + 25 = 4*a. Suppose 0 = -i - 5*g + 3, g = -a*i - 0*g + 63. What is the tens digit of i?
1
Suppose 6*i - 11*i = -10. What is 